 the prime factors of 15550?
2, 5, 311
List the prime factors of 24931.
107, 233
What are the prime factors of 3503?
31, 113
What are the prime factors of 23284?
2, 5821
What are the prime factors of 2712?
2, 3, 113
List the prime factors of 1232.
2, 7, 11
What are the prime factors of 7503?
3, 41, 61
List the prime factors of 17012.
2, 4253
What are the prime factors of 1688?
2, 211
What are the prime factors of 2793?
3, 7, 19
List the prime factors of 23509.
23509
What are the prime factors of 53599?
7, 13, 19, 31
What are the prime factors of 1049?
1049
What are the prime factors of 1817?
23, 79
List the prime factors of 80944.
2, 5059
What are the prime factors of 2753?
2753
What are the prime factors of 593?
593
List the prime factors of 40171.
17, 139
What are the prime factors of 2287?
2287
List the prime factors of 28002.
2, 3, 13, 359
What are the prime factors of 4428?
2, 3, 41
List the prime factors of 3111.
3, 17, 61
What are the prime factors of 67011?
3, 7, 3191
List the prime factors of 3484.
2, 13, 67
List the prime factors of 6594.
2, 3, 7, 157
List the prime factors of 47435.
5, 53, 179
List the prime factors of 3332.
2, 7, 17
List the prime factors of 39704.
2, 7, 709
What are the prime factors of 55?
5, 11
List the prime factors of 1988.
2, 7, 71
List the prime factors of 3985.
5, 797
What are the prime factors of 5326?
2, 2663
What are the prime factors of 3736?
2, 467
What are the prime factors of 208?
2, 13
List the prime factors of 70793.
70793
List the prime factors of 2559.
3, 853
What are the prime factors of 60236?
2, 11, 37
List the prime factors of 30752.
2, 31
List the prime factors of 799.
17, 47
What are the prime factors of 75561?
3, 89, 283
What are the prime factors of 163346?
2, 23, 53, 67
What are the prime factors of 107203?
23, 59, 79
What are the prime factors of 150476?
2, 37619
What are the prime factors of 2857?
2857
What are the prime factors of 4375?
5, 7
What are the prime factors of 350?
2, 5, 7
List the prime factors of 560.
2, 5, 7
What are the prime factors of 1712?
2, 107
What are the prime factors of 1195?
5, 239
List the prime factors of 7960.
2, 5, 199
List the prime factors of 1824.
2, 3, 19
List the prime factors of 734.
2, 367
What are the prime factors of 305?
5, 61
What are the prime factors of 4613?
7, 659
What are the prime factors of 3486?
2, 3, 7, 83
What are the prime factors of 62854?
2, 11, 2857
What are the prime factors of 1777?
1777
What are the prime factors of 36154?
2, 18077
What are the prime factors of 13875?
3, 5, 37
What are the prime factors of 823?
823
What are the prime factors of 5182?
2, 2591
List the prime factors of 23140.
2, 5, 13, 89
What are the prime factors of 20081?
43, 467
List the prime factors of 121813.
181, 673
What are the prime factors of 4026?
2, 3, 11, 61
List the prime factors of 10228.
2, 2557
List the prime factors of 1776.
2, 3, 37
List the prime factors of 25952.
2, 811
List the prime factors of 3849.
3, 1283
What are the prime factors of 2159?
17, 127
List the prime factors of 12102.
2, 3, 2017
List the prime factors of 49268.
2, 109, 113
What are the prime factors of 119205?
3, 5, 883
What are the prime factors of 10103?
10103
What are the prime factors of 23249?
67, 347
List the prime factors of 29498.
2, 7, 43
List the prime factors of 66676.
2, 79, 211
What are the prime factors of 2609?
2609
List the prime factors of 20619.
3, 29, 79
What are the prime factors of 17163?
3, 1907
List the prime factors of 27646.
2, 23, 601
What are the prime factors of 22795?
5, 47, 97
List the prime factors of 6786.
2, 3, 13, 29
What are the prime factors of 47753?
17, 53
What are the prime factors of 1489?
1489
What are the prime factors of 861?
3, 7, 41
What are the prime factors of 1925?
5, 7, 11
What are the prime factors of 365?
5, 73
List the prime factors of 47540.
2, 5, 2377
List the prime factors of 36499.
17, 19, 113
What are the prime factors of 52881?
3, 17627
List the prime factors of 254.
2, 127
List the prime factors of 88054.
2, 44027
What are the prime factors of 5961?
3, 1987
What are the prime factors of 3930?
2, 3, 5, 131
What are the prime factors of 4235?
5, 7, 11
List the prime factors of 2918.
2, 1459
What are the prime factors of 106?
2, 53
What are the prime factors of 573?
3, 191
List the prime factors of 180.
2, 3, 5
List the prime factors of 33906.
2, 3, 5651
List the prime factors of 3936.
2, 3, 41
What are the prime factors of 36203?
41, 883
What are the prime factors of 5853?
3, 1951
List the prime factors of 805.
5, 7, 23
What are the prime factors of 9600?
2, 3, 5
List the prime factors of 8232.
2, 3, 7
What are the prime factors of 9921?
3, 3307
List the prime factors of 878.
2, 439
What are the prime factors of 7940?
2, 5, 397
What are the prime factors of 912?
2, 3, 19
List the prime factors of 6065.
5, 1213
What are the prime factors of 460?
2, 5, 23
What are the prime factors of 5628?
2, 3, 7, 67
What are the prime factors of 2018?
2, 1009
List the prime factors of 198.
2, 3, 11
What are the prime factors of 552?
2, 3, 23
What are the prime factors of 1972?
2, 17, 29
What are the prime factors of 1536?
2, 3
List the prime factors of 1921.
17, 113
What are the prime factors of 687?
3, 229
What are the prime factors of 100304?
2, 6269
What are the prime factors of 42280?
2, 5, 7, 151
List the prime factors of 1397.
11, 127
List the prime factors of 36786.
2, 3, 6131
List the prime factors of 88776.
2, 3, 137
What are the prime factors of 5886?
2, 3, 109
What are the prime factors of 114?
2, 3, 19
List the prime factors of 4045.
5, 809
What are the prime factors of 3870?
2, 3, 5, 43
List the prime factors of 2801.
2801
List the prime factors of 79035.
3, 5, 11, 479
List the prime factors of 1248.
2, 3, 13
What are the prime factors of 14582?
2, 23, 317
List the prime factors of 1157.
13, 89
List the prime factors of 454.
2, 227
List the prime factors of 5063.
61, 83
List the prime factors of 194.
2, 97
List the prime factors of 490.
2, 5, 7
List the prime factors of 4929.
3, 31, 53
What are the prime factors of 7161?
3, 7, 11, 31
List the prime factors of 777.
3, 7, 37
What are the prime factors of 23070?
2, 3, 5, 769
What are the prime factors of 2331?
3, 7, 37
What are the prime factors of 160?
2, 5
What are the prime factors of 3875?
5, 31
What are the prime factors of 1918?
2, 7, 137
What are the prime factors of 3503?
31, 113
List the prime factors of 4207.
7, 601
List the prime factors of 115588.
2, 11, 37, 71
List the prime factors of 7972.
2, 1993
List the prime factors of 635.
5, 127
List the prime factors of 1553.
1553
What are the prime factors of 49611?
3, 23, 719
What are the prime factors of 73875?
3, 5, 197
What are the prime factors of 7517?
7517
What are the prime factors of 37039?
37039
What are the prime factors of 30895?
5, 37, 167
What are the prime factors of 5939?
5939
What are the prime factors of 238?
2, 7, 17
What are the prime factors of 674?
2, 337
List the prime factors of 22605.
3, 5, 11, 137
What are the prime factors of 216?
2, 3
What are the prime factors of 1289?
1289
What are the prime factors of 1263?
3, 421
What are the prime factors of 7098?
2, 3, 7, 13
What are the prime factors of 16427?
16427
List the prime factors of 16958.
2, 61, 139
List the prime factors of 9328.
2, 11, 53
What are the prime factors of 1223?
1223
List the prime factors of 692.
2, 173
What are the prime factors of 490?
2, 5, 7
List the prime factors of 17053.
17053
List the prime factors of 157137.
3, 52379
What are the prime factors of 8923?
8923
What are the prime factors of 218?
2, 109
List the prime factors of 72977.
72977
List the prime factors of 9919.
7, 13, 109
What are the prime factors of 84094?
2, 19, 2213
List the prime factors of 98376.
2, 3, 4099
List the prime factors of 616.
2, 7, 11
List the prime factors of 14535.
3, 5, 17, 19
What are the prime factors of 98578?
2, 23, 2143
List the prime factors of 17974.
2, 11, 19, 43
What are the prime factors of 2324?
2, 7, 83
What are the prime factors of 529?
23
What are the prime factors of 89332?
2, 23, 971
List the prime factors of 30921.
3, 11, 937
What are the prime factors of 83799?
3, 9311
List the prime factors of 123592.
2, 7, 2207
List